der when 154 is divided by 13.
11
What is the remainder when 1597 is divided by 64?
61
What is the remainder when 84 is divided by 39?
6
Calculate the remainder when 138 is divided by 31.
14
What is the remainder when 8097 is divided by 108?
105
Calculate the remainder when 167 is divided by 28.
27
Calculate the remainder when 927 is divided by 86.
67
Calculate the remainder when 1042 is divided by 19.
16
Calculate the remainder when 1094 is divided by 25.
19
Calculate the remainder when 1581 is divided by 99.
96
What is the remainder when 138 is divided by 104?
34
What is the remainder when 84 is divided by 47?
37
What is the remainder when 419 is divided by 13?
3
Calculate the remainder when 827 is divided by 428.
399
What is the remainder when 61 is divided by 21?
19
Calculate the remainder when 5352 is divided by 105.
102
What is the remainder when 1445 is divided by 21?
17
Calculate the remainder when 953 is divided by 333.
287
What is the remainder when 3539 is divided by 77?
74
Calculate the remainder when 177 is divided by 84.
9
What is the remainder when 406 is divided by 146?
114
Calculate the remainder when 94 is divided by 38.
18
What is the remainder when 42 is divided by 28?
14
Calculate the remainder when 267 is divided by 4.
3
What is the remainder when 17 is divided by 9?
8
What is the remainder when 2319 is divided by 27?
24
Calculate the remainder when 2728 is divided by 15.
13
What is the remainder when 1368 is divided by 277?
260
Calculate the remainder when 23900 is divided by 323.
321
What is the remainder when 48 is divided by 37?
11
What is the remainder when 738 is divided by 10?
8
What is the remainder when 848 is divided by 289?
270
What is the remainder when 272 is divided by 69?
65
Calculate the remainder when 452 is divided by 5.
2
Calculate the remainder when 4477 is divided by 112.
109
What is the remainder when 893 is divided by 32?
29
What is the remainder when 30 is divided by 9?
3
Calculate the remainder when 18 is divided by 17.
1
What is the remainder when 437 is divided by 104?
21
What is the remainder when 82 is divided by 41?
0
Calculate the remainder when 254 is divided by 5.
4
What is the remainder when 1411 is divided by 54?
7
What is the remainder when 780 is divided by 196?
192
What is the remainder when 223 is divided by 48?
31
What is the remainder when 277 is divided by 20?
17
What is the remainder when 114 is divided by 17?
12
What is the remainder when 25394 is divided by 34?
30
Calculate the remainder when 2068 is divided by 20.
8
What is the remainder when 2081 is divided by 11?
2
What is the remainder when 53 is divided by 32?
21
What is the remainder when 507 is divided by 127?
126
Calculate the remainder when 843 is divided by 258.
69
What is the remainder when 568 is divided by 83?
70
What is the remainder when 660 is divided by 16?
4
Calculate the remainder when 5848 is divided by 1948.
4
Calculate the remainder when 51 is divided by 48.
3
Calculate the remainder when 365 is divided by 32.
13
What is the remainder when 703 is divided by 90?
73
Calculate the remainder when 29 is divided by 13.
3
Calculate the remainder when 475 is divided by 50.
25
Calculate the remainder when 57 is divided by 20.
17
What is the remainder when 65 is divided by 35?
30
Calculate the remainder when 3152 is divided by 64.
16
Calculate the remainder when 227 is divided by 59.
50
What is the remainder when 130 is divided by 35?
25
What is the remainder when 7359 is divided by 32?
31
What is the remainder when 1305 is divided by 417?
54
Calculate the remainder when 57 is divided by 22.
13
Calculate the remainder when 827 is divided by 83.
80
What is the remainder when 483 is divided by 54?
51
Calculate the remainder when 32 is divided by 7.
4
Calculate the remainder when 105 is divided by 27.
24
Calculate the remainder when 219 is divided by 56.
51
What is the remainder when 42 is divided by 19?
4
Calculate the remainder when 77 is divided by 39.
38
Calculate the remainder when 100 is divided by 21.
16
Calculate the remainder when 31 is divided by 7.
3
What is the remainder when 7274 is divided by 107?
105
What is the remainder when 203 is divided by 69?
65
What is the remainder when 1704 is divided by 37?
2
Calculate the remainder when 3062 is divided by 11.
4
What is the remainder when 1163 is divided by 406?
351
What is the remainder when 313 is divided by 35?
33
What is the remainder when 824 is divided by 410?
4
What is the remainder when 4139 is divided by 7?
2
What is the remainder when 135 is divided by 6?
3
What is the remainder when 27842 is divided by 5?
2
Calculate the remainder when 677 is divided by 248.
181
What is the remainder when 431 is divided by 57?
32
What is the remainder when 74 is divided by 57?
17
Calculate the remainder when 33 is divided by 12.
9
What is the remainder when 327 is divided by 114?
99
What is the remainder when 23430 is divided by 189?
183
What is the remainder when 714 is divided by 363?
351
Calculate the remainder when 343 is divided by 30.
13
What is the remainder when 85 is divided by 44?
41
Calculate the remainder when 99 is divided by 29.
12
What is the remainder when 165 is divided by 146?
19
Calculate the remainder when 138 is divided by 66.
6
What is the remainder when 453 is divided by 13?
11
Calculate the remainder when 2002 is divided by 70.
42
What is the remainder when 21 is divided by 3?
0
Calculate the remainder when 1974 is divided by 25.
24
What is the remainder when 3944 is divided by 438?
2
What is the remainder when 910 is divided by 761?
149
Calculate the remainder when 10 is divided by 3.
1
What is the remainder when 220 is divided by 38?
30
Calculate the remainder when 544 is divided by 95.
69
What is the remainder when 535 is divided by 264?
7
What is the remainder when 117 is divided by 60?
57
Calculate the remainder when 68 is divided by 51.
17
What is the remainder when 1609 is divided by 35?
34
What is the remainder when 943 is divided by 126?
61
Calculate the remainder when 3512 is divided by 584.
8
What is the remainder when 495 is divided by 81?
9
What is the remainder when 449 is divided by 7?
1
Calculate the remainder when 144 is divided by 29.
28
Calculate the remainder when 227 is divided by 75.
2
What is the remainder when 388 is divided by 18?
10
Calculate the remainder when 557 is divided by 80.
77
What is the remainder when 54 is divided by 9?
0
What is the remainder when 29 is divided by 2?
1
Calculate the remainder when 168 is divided by 10.
8
What is the remainder when 95 is divided by 29?
8
What is the remainder when 678 is divided by 46?
34
Calculate the remainder when 2025 is divided by 145.
140
What is the remainder when 255 is divided by 43?
40
Calculate the remainder when 73 is divided by 19.
16
What is the remainder when 6549 is divided by 24?
21
What is the remainder when 37 is divided by 14?
9
Calculate the remainder when 106 is divided by 6.
4
What is the remainder when 109 is divided by 23?
17
What is the remainder when 367 is divided by 53?
49
Calculate the remainder when 5655 is divided by 123.
120
Calculate the remainder when 1081 is divided by 134.
9
What is the remainder when 248 is divided by 66?
50
Calculate the remainder when 233 is divided by 12.
5
What is the remainder when 339 is divided by 116?
107
What is the remainder when 338 is divided by 170?
168
What is the remainder when 493 is divided by 45?
43
What is the remainder when 373 is divided by 41?
4
What is the remainder when 107 is divided by 35?
2
What is the remainder when 11211 is divided by 39?
18
What is the remainder when 26 is divided by 11?
4
Calculate the remainder when 24 is divided by 8.
0
What is the remainder when 133 is divided by 35?
28
What is the remainder when 183 is divided by 60?
3
Calculate the remainder when 220 is divided by 37.
35
Calculate the remainder when 517 is divided by 24.
13
Calculate the remainder when 8316 is divided by 10.
6
What is the remainder when 5902 is divided by 369?
367
Calculate the remainder when 127 is divided by 60.
7
Calculate the remainder when 636 is divided by 7.
6
What is the remainder when 1854 is divided by 35?
34
Calculate the remainder when 970 is divided by 12.
10
What is the remainder w